
False
Does 592 divide 1722128?
True
Is 16 a factor of 342798785?
False
Is 174127812 a multiple of 129?
True
Is 289760106 a multiple of 11?
False
Is 135 a factor of 117422325?
True
Does 9 divide 105687495?
True
Is 6166783756 a multiple of 28?
True
Does 119 divide 2064174?
True
Is 7191 a factor of 4667940935?
False
Is 154783166 a multiple of 7871?
False
Is 324633465 a multiple of 45?
True
Does 232 divide 17265208?
True
Is 554 a factor of 393491242?
True
Is 38545397 a multiple of 239?
False
Is 54 a factor of 63240642?
True
Is 82 a factor of 822662057?
False
Is 5147 a factor of 632324391?
True
Is 1011 a factor of 226271161?
False
Is 114 a factor of 473355197?
False
Is 30 a factor of 37584569?
False
Is 25 a factor of 786803575?
True
Is 101307465 a multiple of 63?
True
Is 2502339978 a multiple of 4894?
False
Is 5 a factor of 106126382?
False
Does 93 divide 82788263?
False
Is 7780607 a multiple of 174?
False
Is 4 a factor of 101408152?
True
Is 2547 a factor of 575064826?
False
Is 33531814 a multiple of 21?
False
Is 31054804 even?
True
Does 269 divide 1054108275?
False
Is 28 a factor of 5392912?
True
Is 355655385 a multiple of 9?
True
Is 396 a factor of 274766976?
True
Is 1821457705 a multiple of 19?
True
Does 127 divide 48066455?
False
Is 964836103 a multiple of 3453?
False
Is 3809 a factor of 318928375?
False
Does 165 divide 1055789903?
False
Does 52 divide 264120153?
False
Does 14 divide 4941184?
False
Is 21035941 a multiple of 764?
False
Is 813201318 a multiple of 187?
False
Does 8 divide 65241709?
False
Is 271 a factor of 144825488?
False
Is 10 a factor of 79419387?
False
Is 3958171 even?
False
Is 205911852 a multiple of 15?
False
Is 644 a factor of 37011606?
False
Is 1102681340 a multiple of 190?
True
Does 3 divide 307335?
True
Is 1466 a factor of 357563264?
True
Is 4 a factor of 97403091?
False
Does 592 divide 3602736811?
False
Does 6407 divide 143996233?
False
Is 37369142 a multiple of 2176?
False
Is 5829816 a multiple of 12?
True
Does 88 divide 260929978?
False
Is 8 a factor of 101222143?
False
Is 748617768 a multiple of 339?
True
Does 31 divide 150547828?
False
Is 36 a factor of 56477959?
False
Is 340 a factor of 2447024540?
True
Is 11 a factor of 11278806?
True
Is 99 a factor of 3016035?
True
Is 12 a factor of 161933496?
True
Does 85 divide 35310004?
False
Does 2 divide 14741785?
False
Does 5 divide 60199947?
False
Is 379755960 a multiple of 1010?
True
Is 249977699 a multiple of 361?
True
Is 25 a factor of 1157425?
True
Does 1193 divide 15268014?
True
Is 4136425920 a multiple of 1485?
True
Does 26 divide 627207774?
False
Is 2539257816 a multiple of 10312?
True
Does 12 divide 864996790?
False
Is 197797849 a multiple of 413?
False
Is 14 a factor of 61424636?
True
Is 284 a factor of 2000444596?
True
Is 317 a factor of 4029112?
False
Is 55 a factor of 654738883?
False
Is 65325446 a multiple of 1033?
False
Is 18024302 a multiple of 942?
False
Does 239 divide 138926871?
False
Is 499503665 a multiple of 507?
False
Is 411 a factor of 2178464786?
False
Does 2043 divide 37689264?
True
Is 669 a factor of 37457310?
True
Is 143505405 a multiple of 1593?
True
Is 34 a factor of 162380769?
False
Is 429911028 a multiple of 18?
True
Is 464 a factor of 8611608?
False
Does 17 divide 3715686435?
False
Is 62704810 a multiple of 490?
True
Does 10 divide 14026151?
False
Does 46 divide 554223377?
False
Is 98 a factor of 1002348760?
False
Is 113 a factor of 54708046?
True
Is 394859425 a multiple of 2033?
True
Is 17216700 a multiple of 15?
True
Does 3 divide 156299713?
False
Is 17 a factor of 492212747?
True
Is 46026365 a multiple of 55?
True
Is 2654 a factor of 746508916?
False
Does 860 divide 3799264140?
True
Is 513328635 a multiple of 4177?
False
Does 1048 divide 58375696?
True
Is 353657661 a multiple of 7?
True
Does 124 divide 112031396?
True
Is 385887111 a multiple of 1329?
True
Does 11 divide 684809730?
True
Does 19 divide 49456525?
True
Is 307 a factor of 61912076?
True
Is 2187654 a multiple of 2058?
True
Does 15 divide 5385464?
False
Is 1327621504 a multiple of 352?
True
Is 43865040 a multiple of 579?
True
Does 4038 divide 1300296570?
True
Is 438647120 a multiple of 20?
True
Is 222223320 a multiple of 30?
True
Is 429 a factor of 9101664?
True
Is 3789309425 a multiple of 98?
False
Does 150 divide 292972240?
False
Is 140154558 a multiple of 3?
True
Is 21 a factor of 275126271?
True
Is 738317775 a multiple of 2575?
False
Is 28 a factor of 621025874?
False
Does 238 divide 2886659874?
True
Is 145897878 a multiple of 21?
True
Is 906021432 a multiple of 212?
True
Is 1906 a factor of 39740100?
True
Is 1181 a factor of 10922709?
False
Does 110 divide 101924928?
False
Is 58041932 a multiple of 9?
False
Is 27 a factor of 36328581?
True
Is 1665 a factor of 263763685?
False
Is 1892024923 a multiple of 1556?
False
Is 16 a factor of 35465808?
True
Does 1505 divide 49196263?
False
Is 58 a factor of 10475438?
True
Is 1947630256 a multiple of 3016?
True
Does 16 divide 662154864?
True
Is 9975 a factor of 2222928750?
True
Is 4289198747 a multiple of 16?
False
Is 407 a factor of 4998377989?
True
Is 418168989 a multiple of 4778?
False
Does 49 divide 192191083?
True
Does 8 divide 140822537?
False
Is 1380402177 a multiple of 30?
False
Is 1503 a factor of 167222277?
True
Does 42 divide 860162352?
True
Is 19 a factor of 20351508?
True
Is 2281 a factor of 37476589?
False
Is 1174 a factor of 424086368?
True
Is 14412297 a multiple of 163?
True
Does 576 divide 62838144?
True
Is 30 a factor of 17027610?
True
Is 197 a factor of 145765225?
True
Is 2825780766 a multiple of 34?
True
Does 2251 divide 42260274?
True
Does 35 divide 45822061?
False
Is 14 a factor of 164327908?
False
Is 366 a factor of 111349706?
False
Does 126 divide 41201150?
False
Is 9229503 a multiple of 227?
False
Is 3272 a factor of 5323187352?
True
Is 123 a factor of 2523382146?
True
Is 180 a factor of 3399554?
False
Does 2188 divide 43884143?
False
Is 1710920960 a multiple of 10?
True
Is 271 a factor of 4678036?
False
Does 3785 divide 2970599337?
False
Is 301 a factor of 940625?
True
Is 1133 a factor of 3581276720?
False
Is 56261998 a multiple of 11?
False
Is 50404035 a multiple of 274?
False
Does 8380 divide 1584733420?
True
Does 7 divide 68726123?
False
Is 115406388 a multiple of 183?
True
Does 219 divide 1193011203?
False
Is 1122 a factor of 536618714?
False
Does 435 divide 16251165?
True
Is 4747 a factor of 2010368741?
True
Is 21679716 a multiple of 94?
False
Is 13 a factor of 1645398963?
True
Is 135 a factor of 4052848373?
False
Does 11 divide 759109406?
True
Does 15 divide 13647704?
False
Does 39 divide 111953588?
False
Is 86657821 a multiple of 19?
False
Is 864034380 a multiple of 33?
True
Does 8 divide 251824861?
False
Is 48755164 a multiple of 1093?
False
Is 11 a factor of 9121607?
True
Does 167 divide 9035128689?
True
Is 85 a factor of 90579400?
True
Does 138 divide 20229404?
False
Is 2408297 a multiple of 20?
False
Does 48 divide 5322409?
False
Is 79 a factor of 59870919?
False
Is 25 a factor of 74753176?
False
Is 79 a factor of 5317885?
True
Does 38 divide 67752513?
False
Is 20 a factor of 1823021780?
True
Does 19 divide 64929251?
True
Is 3546 a factor of 68800297?
False
Is 7119737 a multiple of 145?
False
Does 12 divide 18744005?
False
Is 1093080768 a multiple of 6686?
True
Is 417143640 a multiple of 92?
True
Is 58 a factor of 1012415636?
True
Is 1673 a factor of 431730266?
False
Is 639 a factor of 8067853?
False
Does 4 divide 11177648?
True
Is 12 a factor of 88769823?
False
Is 95 a factor of 315740955?
True
Is 148571160 a multiple of 120?
True
Is 319 a factor of 15719682?
True
Is 63901593 a multiple of 11?
False
Is 9465976 a multiple of 26?
True
Is 8 a factor of 17296475?
False
Does 1310 divide 9822380?
True
Does 60 divide 531013080?
True
Is 202 a factor of 968323784?
False
Is 41 a factor of 15729513?
False
Is 22 a factor of 225203968?
True
Does 405 divide 91297935?
True
Is 40 a factor of 32979999?
False
Does 25 divide 510082950?
True
Is 111 a factor of 864004796?
False
Is 690 a factor of 51724886?
False
Is 373873417 a multiple of 399?
False
Is 3159 a factor of 263447964?
True
Does 153 divide 93050469?
True
Is 5 a factor of 283044425?
True
Is 1725392342 a multiple of 10180?
False
Does 3754 divide 1108680